-1242?
-22321
In base 11, what is 2 - 60726017?
-60726015
In base 15, what is -173ad - -14c?
-17261
In base 16, what is -51 - -832a8?
83257
In base 11, what is -285 - -458462?
458188
In base 9, what is -1114 - 223418?
-224533
In base 5, what is -42443300 + -230?
-42444030
In base 7, what is -56265441 - 6?
-56265450
In base 14, what is 170 + 561c9?
56359
In base 3, what is 200 - -2112222121021111?
2112222121022011
In base 12, what is -97 - -51529a0?
5152905
In base 4, what is 1 - -1231310030030?
1231310030031
In base 6, what is -11240102 + 122?
-11235540
In base 9, what is 2 + 214038385?
214038387
In base 7, what is -2011652 + 13501?
-1665151
In base 12, what is -11b06 + 24b4?
-b612
In base 4, what is -3003300 - 1032222?
-10102122
In base 6, what is 10 + -12532242?
-12532232
In base 10, what is -8236751 - 1?
-8236752
In base 11, what is 371 + 10aa28?
110299
In base 9, what is 277513 + -10018?
267484
In base 6, what is -533340 + 303?
-533033
In base 9, what is 2336 + 65633?
68070
In base 3, what is 0 + 121122211212201?
121122211212201
In base 9, what is -1210126 - 16?
-1210143
In base 12, what is -61597 - -22?
-61575
In base 4, what is 122221 - 3032110?
-2303223
In base 11, what is -1a2686 - -2a9?
-1a2388
In base 2, what is -101 + 1101000101110101000100101?
1101000101110101000100000
In base 6, what is 11 + 12232424303?
12232424314
In base 11, what is 956778 + -2a?
956749
In base 4, what is -303 - 1213030212?
-1213031121
In base 9, what is -2218 + -10033?
-12252
In base 9, what is -2263121085 + -4?
-2263121100
In base 16, what is -155eb + eda?
-14711
In base 12, what is -24 - -8a4601?
8a4599
In base 11, what is 1323 - -68a1?
8114
In base 5, what is 20140343343 + 1?
20140343344
In base 2, what is 1010100010000011 + -100100?
1010100001011111
In base 7, what is 31041 - -140502?
201543
In base 13, what is 7 - -6ac054?
6ac05b
In base 16, what is -1eaf39 - -55?
-1eaee4
In base 6, what is -4 + -2035002114?
-2035002122
In base 7, what is 56234 - 12163?
44041
In base 7, what is 5 + -3164301301?
-3164301263
In base 13, what is -17826ab - 0?
-17826ab
In base 12, what is 2297421 + -a?
2297413
In base 3, what is -222022221001001 + -100?
-222022221001101
In base 11, what is -2 + 1000465?
1000463
In base 16, what is -178 - -f766?
f5ee
In base 15, what is 532 + 301?
833
In base 9, what is 2235820 + -81?
2235728
In base 2, what is -1101101011000011111101 - 11?
-1101101011000100000000
In base 11, what is -1485714 - 38?
-1485751
In base 6, what is -20503100 + 131?
-20502525
In base 14, what is 563353 + -5?
56334c
In base 9, what is 345 + 3337581?
3338036
In base 16, what is -a - e2dc8?
-e2dd2
In base 2, what is -1011111110000101 - -110000110?
-1011110111111111
In base 8, what is 7041107 - -5?
7041114
In base 15, what is -a2 - -165e20?
165d6d
In base 8, what is 60515 + -22210?
36305
In base 2, what is -1 + -11110010001000100100010?
-11110010001000100100011
In base 11, what is -3888a0 - -10?
-388890
In base 6, what is 1 - -12353405122?
12353405123
In base 11, what is 3 - -519913?
519916
In base 11, what is 2 + 115a020?
115a022
In base 14, what is 109d8 + 49c8?
155c2
In base 4, what is 1131231 + 10222010?
12013301
In base 12, what is 32 + -1992883?
-1992851
In base 8, what is -1340042 + -34?
-1340076
In base 3, what is -212210210120 - -1110022?
-212202100021
In base 13, what is -302b2cb - 3?
-302b301
In base 3, what is -21002200 + 1110002011?
1011222111
In base 2, what is -1011000111000000010011 + -11111?
-1011000111000000110010
In base 16, what is -1a557e - -5?
-1a5579
In base 10, what is 25 - 2555236?
-2555211
In base 6, what is 452 - -104240?
105132
In base 2, what is -1000100001001110000111 - -10?
-1000100001001110000101
In base 10, what is -7 + -17483548?
-17483555
In base 15, what is -50e4b - -14a?
-50d01
In base 15, what is -1dd - -4?
-1d9
In base 4, what is -320113020 - -10121?
-320102233
In base 14, what is -1966 + -1942d?
-1ad95
In base 11, what is -82a7797 + 1?
-82a7796
In base 14, what is d056b8 + -9?
d056ad
In base 14, what is -1cdcd57 - 28?
-1cdcd81
In base 9, what is 12 + -6213453?
-6213441
In base 2, what is 1 + 111101001111001011110?
111101001111001011111
In base 14, what is -3d9376 - -4?
-3d9372
In base 5, what is -1 - 1233144320?
-1233144321
In base 16, what is 2 + -323802e?
-323802c
In base 10, what is 112364263 - -1?
112364264
In base 2, what is 10000 + -1011001010110111111011?
-1011001010110111101011
In base 15, what is 1 + e540c92?
e540c93
In base 14, what is 15 - 217c98?
-217c83
In base 12, what is -4915 - 168a?
-63a3
In base 11, what is -25 + 46707?
46692
In base 6, what is 5103 + 1103242?
1112345
In base 4, what is 2023131323 + -20?
2023131303
In base 14, what is 1d - -54d6a1?
54d6c0
In base 3, what is -102100002021011 + -11?
-102100002021022
In base 15, what is -e4ca7 - 1ad?
-e4e65
In base 9, what is -20460647 + -5?
-20460653
In base 4, what is -322200301 - -301332?
-321232303
In base 2, what is 10 + -10110011111101011111010010?
-10110011111101011111010000
In base 15, what is -dda8 - -167?
-dc41
In base 9, what is 8356 + -4686?
3560
In base 9, what is 16330 + -42?
16277
In base 7, what is 1640332 + -12631?
1624401
In base 4, what is 1233 - 203020011?
-203012112
In base 5, what is -11022 + -13324244?
-13340321
In base 13, what is a5bc77a - -9?
a5bc786
In base 16, what is 2a84 + -1c68?
e1c
In base 6, what is 4204 - -4415351?
4423555
In base 6, what is 21025435 + -4052?
21021343
In base 5, what is -111114 + -332240?
-443404
In base 13, what is c - -173328?
173337
In base 4, what is 132 + 22311032000?
22311032132
In base 9, what is -12357778 + 3?
-12357775
In base 2, what is 100 + 101110001000111110110001110?
101110001000111110110010010
In base 16, what is 1d - -66264?
66281
In base 2, what is -1 - -1001011010010000110001?
1001011010010000110000
In base 6, what is 2 + -1522003215?
-1522003213
In base 7, what is 36414510 - -31?
36414541
In base 6, what is -510 - -251123?
250213
In base 15, what is a699 + -6?
a693
In base 14, what is 31933 - 4a?
318c7
In base 12, what is 2 + 495098?
49509a
In base 15, what is -171 + -2e0e7?
-2e268
In base 4, what is 12033 + -2302110232?
-2302032133
In base 5, what is -2024232 - -342?
-2023340
In base 16, what is -3d + 94d189?
94d14c
In base 13, what is 17a18 + 21a?
17c35
In base 11, what is -32 - 3107557?
-3107589
In base 8, what is 157702 - 17?
157663
In base 9, what is -12654558 - 3?
-12654562
In base 10, what is -1508 + -140921?
-142429
In base 6, what is 1 - -410011210?
410011211
In base 6, what is -144204502 - 0?
-144204502
In base 2, what is 101 - 1000111110101101110101?
-1000111110101101110000
In base 7, what is -4530311 - 34?
-4530345
In base 10, what is 0 + -1029647?
-1029647
In base 6, what is -11122433233 - 2?
-11122433235
In base 13, what is c4 - 284b41?
-284a4a
In base 12, what is 2 + a4b484?
a4b486
In base 5, what is 441 + 31141?
32132
In base 9, what is -20081707 - -2?
-20081705
In base 4, what is 22 + 103221020301?
103221020323
In base 5, what is -30424 + -111311?
-142240
In base 3, what is -111010212111101 + 11?
-111010212111020
In base 4, what is 13 + 330222130?
330222203
In base 7, what is -3206 - -125155?
121646
In base 14, what is 271 + 81d75?
82206
In base 12, what is 1b33 + 24a0?
4413
In base 12, what is 17 + 594a6?
59501
In base 8, what is -565 - -25755?
25170
In base 12, what is 90b4a29 - 1?
90b4a28
In base 16, what is -597 + -16bb5?
-1714c
In base 2, what is -100011111110001111 - 1100001111?
-100100001010011110
In base 2, what is 1010011 + -10010001101000000?
-10010001011101101
In base 10, what is 533198 - -14?
533212
In base 10, what is -6994823 + -3?
-6994826
In base 9, what is -27 + 14281100?
14281062
In base 9, what is 20256 + -434?
18722
In base 16, what is 515 + 3a7?
8bc
In base 13, what is -266c9 - 21?
-2671a
In base 5, what is -1302343340 - -43?
-1302343242
In base 3, what is -1000 + 1000112010101?
1000112002101
In base 14, what is 93 + 21767?
2181a
In base 3, what is -12 + -2212102020200101?
-2212102020200120
In base 16, what is -a + 84fe1?
84fd7
In base 16, what is a + -6dcf0?
-6dce6
In base 9, what is -4253 - 2271?
-6534
In base 14, what is 1 - -39995b5?
39995b6
In base 16, what is 3a + -23fea4?
-23fe6a
In base 16, what is 23a5b0 - 5?
23a5ab
In base 2, what is 10111101 + -